pose -12 = -15*h + q. Calculate the highest common factor of h and w.
1
Let a be (42/(-9))/(2 + 1392/(-684)). Calculate the highest common factor of a and 112.
7
Suppose -4*a - 66 = 70. Let m be a*1/(-4) + (-2)/4. Suppose 0 = 5*v - c - 97, 0 = m*v - 5*v + 4*c - 72. Calculate the highest common factor of v and 15.
5
Let p(d) = -10*d**3 + 3*d**2 + 3*d + 10. Let j be p(-2). Let r = -567 + 579. What is the greatest common factor of r and j?
12
Let u = 740 + -737. What is the greatest common factor of 360 and u?
3
Suppose -16 = -482*s + 478*s. Suppose f + s*d - 284 = 0, 2*d + 0 = 2. Let m be 668/20 + 2 + (-4)/10. What is the highest common divisor of m and f?
35
Let m(j) = 2*j**2 - 28*j + 76. Let i be m(0). Calculate the highest common factor of 380 and i.
76
Let n be -88*2*(0/(-11) - 2). Suppose 4*l - 80 + n = 3*y, -2*y - l + 185 = 0. Calculate the highest common factor of 23 and y.
23
Let c(i) = -62*i + 8869. Let o be c(-9). What is the greatest common divisor of o and 33?
11
Suppose 13*r = -4589 + 4966. Calculate the highest common factor of r and 841.
29
Let w(x) = -137*x + 1073. Let b be w(7). What is the greatest common divisor of 6 and b?
6
Let v be (-18)/27 + 190/6. Let q = 58 + -72. Let m = v + q. What is the greatest common factor of m and 119?
17
Let y be 453/6 + 3/(-6). Suppose -3*p + 75 = 2*p. Calculate the greatest common divisor of p and y.
15
Suppose 8*p = 112 + 80. What is the highest common divisor of 736 and p?
8
Let p be 112 + -8 - 2/3*6. Let o(z) = 3*z**2 - 42*z + 20. Let j be o(14). What is the highest common divisor of j and p?
20
Let w = -14698 - -14707. Suppose 5*p - 14 = 3*p. What is the greatest common factor of w and p?
1
Suppose 2*y + 183 = 2*d + 171, 2*d = y + 7. Calculate the greatest common divisor of d and 1727.
1
Suppose 0 = 2*n - 9471 + 4471. What is the greatest common factor of 400 and n?
100
Suppose 13*b + 15*b + 7450 = 8374. Let t be 42/4*2 - -1. Calculate the greatest common divisor of b and t.
11
Let d = 2411 + 5692. Calculate the highest common divisor of d and 111.
111
Let n be (-695)/15 - 4/(-12). Let r be n/4*(-34 - -32). Calculate the highest common factor of r and 529.
23
Let i(h) = -h**2 + 66*h - 29. Let a be i(57). Calculate the highest common divisor of a and 396.
44
Let w(o) = -3 - 5*o - 5*o**2 - 1478*o**3 + 7 + 1475*o**3. Let y be w(-3). Calculate the greatest common divisor of y and 5.
5
Let w(o) = -480*o**3 + 53*o**2 + 109*o + 9. Let d be w(-2). What is the greatest common divisor of d and 84?
21
Let q be (-90)/25 + (-20)/50. Let d be q/10 + (-10)/50*-122. What is the highest common divisor of d and 42?
6
Let y(g) = -2*g + 28. Let h be y(-9). Suppose -615 = -3*d - 2*q, 5*q - 37 = d - 259. Calculate the highest common factor of h and d.
23
Let g = -10355 + 10644. Calculate the highest common divisor of 73984 and g.
289
Suppose 3*h - 30646 = -5*v, 25*v = -4*h + 29*v + 40808. What is the greatest common factor of h and 173?
173
Suppose h - 284 = 4*r, 3*h = 4*h - 3*r - 287. What is the greatest common divisor of 11248 and h?
296
Let g(t) = 637*t + 3402. Let o be g(14). Calculate the greatest common divisor of 77 and o.
77
Let t(p) = 9*p**2 + 3*p - 14. Let f be t(-6). Suppose r - 2*g = 3*g + f, -2*r - 3*g = -597. Calculate the greatest common factor of r and 33.
33
Suppose p - 13*p + 9*p = 0. Suppose p = 36*m - 24*m - 2160. What is the greatest common factor of m and 40?
20
Let q = 4699 + -4682. Calculate the greatest common factor of 23 and q.
1
Let w be (5 - (6 - 2))/((-1)/(-2)). Suppose -j = -2*t - 309, -w*t = 3*j - 0*t - 967. What is the highest common divisor of 29 and j?
29
Let q be (-598)/(-8) + 2/8. Let v = -182 - -184. Suppose -4*d - 5*k + 35 = 0, 28 = -v*d + 2*k + 68. Calculate the highest common divisor of q and d.
15
Let g be (3/6)/(11/(-66)). Let u(b) = -26*b - 75. Let t be u(g). Suppose k + 3*k = v - 11, 2*v - 2*k - 46 = 0. Calculate the greatest common divisor of t and v.
3
Let q = -31 + 31. Suppose q = 3*j + 3*x - 702, -2 - 13 = -5*x. Let i be (-8)/3*j/(-22). What is the greatest common divisor of 4 and i?
4
Let q be 73/(1606/75900) - 15. Calculate the highest common divisor of 15 and q.
15
Let p be (-224812)/(-196) + (-28)/(-2). What is the greatest common factor of p and 172?
43
Suppose -59*k = -1987 - 666 + 57. What is the greatest common factor of 6809 and k?
11
Let z(p) = p + 8. Let h be z(22). Let i = -6 - 0. Let b be 3 - 0 - 4 - i. Calculate the greatest common divisor of b and h.
5
Let h(g) = 2*g**3 + 28*g**2 + 39. Let t be h(-14). Calculate the greatest common divisor of 5850 and t.
39
Let d = 22698 + -15327. What is the highest common divisor of 6 and d?
3
Let k = -1250 + 1415. What is the highest common divisor of 5 and k?
5
Suppose 0 = -3*t + 135 - 33. Let a be t*(-19)/(-2) - 48/16. What is the highest common factor of 10 and a?
10
Let i(w) = 95*w**2 + 65*w + 18. Let u be i(-4). What is the highest common factor of u and 18?
18
Let q be ((-48)/(-14))/((-8)/(-28)) + 0. Suppose 0 = w - 196 + q. What is the highest common divisor of 23 and w?
23
Suppose 2*x - 2 = z, 10*x - 39 = 3*z + 15*x. Let y be (-49)/196 - (-2)/(z/(-53)). What is the highest common divisor of 13 and y?
13
Let n = -4675 - -4793. Calculate the greatest common factor of 2537 and n.
59
Let s(r) = r**3 + 19*r**2 + 23*r + 36. Let z be s(-17). What is the highest common divisor of z and 669?
223
Let w = 380 + -386. Let b be (45/w)/(21/(-126)). Calculate the highest common divisor of 5 and b.
5
Let t = -23 + 71. Let h(w) = -8*w + 85. Let u be h(10). Suppose 2 = -2*n + o + 13, n - u*o = 1. Calculate the greatest common factor of t and n.
6
Suppose 0 = -2*y + 5*l + 295, -3*y - 5*l + 358 + 22 = 0. Suppose -297 = -4*c + 63. What is the greatest common divisor of y and c?
45
Let o(b) = -b**2 - 29*b + 1490. Let v be o(-52). Let t = -39 - -81. Calculate the highest common factor of v and t.
42
Let k be 806/310 - (-1502)/5. Calculate the highest common divisor of 2828 and k.
101
Let w be -5 - (23 + -21 + ((-28360)/(-4))/(-5)). What is the highest common factor of 68 and w?
17
Let s(y) = 2*y**3 + 98*y**2 + 43*y - 154. Let u be s(-48). What is the greatest common divisor of 25 and u?
5
Let i = 673 - 384. Let a be -2 + (-198 - (3 + -2)). Let s = i + a. What is the highest common divisor of s and 11?
11
Suppose 9*r - 397770 = -75471. Calculate the greatest common divisor of r and 9.
9
Let x be -3 + 2 + 11*16. Suppose 2*g + 6*h - 90 = 11*h, 4*g + 4*h - 124 = 0. Calculate the greatest common divisor of x and g.
35
Let w(l) = -2*l**3 - l**2 + 3*l + 2. Suppose -5*u + 23 = -v, 5*u = -v + 9 + 8. Let s be w(v). What is the highest common factor of 38 and s?
38
Suppose 6*v - 9*v = -15. Let u be v + (-3 - -92) + 2. What is the highest common divisor of 12 and u?
12
Suppose -4*m + f + 190 = 3*f, -2*m + 101 = -5*f. Let r be 324 + -36*12/(-36). Calculate the greatest common divisor of r and m.
48
Let q be (-40)/24*63/(-10)*2. Let f = -15 + q. Let z be 5*(24/3 - f/(-2)). What is the greatest common divisor of z and 5?
5
Let b(g) = 3*g**2 - 55*g + 485. Let c be b(20). Calculate the highest common divisor of 27 and c.
9
Suppose -50*x + 156 = -11*x. Suppose x*v - 170 = -f, -2*f + 46 = 2*v - v. Let l = 13 + -1. What is the highest common factor of v and l?
6
Suppose 251202 + 391118 = 124*m. Calculate the highest common factor of 14 and m.
14
Suppose -h - 4*k = 7, 3*k + 29 = -5*h + 45. Calculate the highest common divisor of h and 203.
1
Let q(p) = -p**2 + 43*p - 211. Let b be q(39). Let d be (3/30*184)/((-22)/b). Calculate the highest common divisor of d and 1242.
46
Suppose 11011 - 947 = 44*s - 7*s. What is the greatest common factor of s and 1?
1
Suppose -5*h + 3672 = 4*m, -4*h = 653*m - 651*m - 1842. Calculate the greatest common divisor of m and 121.
11
Let d be 19*5 - 75/(-90)*-12. Calculate the greatest common factor of 32 and d.
1
Let s(z) = -4 + 0*z + z + z - 6*z. Let g be s(-7). Let d(v) = -v**3 + 9*v**2 + 22*v - 24. Let t be d(-5). Calculate the greatest common factor of t and g.
24
Let b(k) = -k**3 + 14*k**2 + k + 18. Let j be b(14). Suppose -2*p = -4*p, j = u + 5*p. Suppose 0 = -5*s + 92 - u. What is the highest common factor of 6 and s?
6
Let d be (9/(-6) - 0)/((-2)/(2080/15)). Calculate the highest common factor of 195 and